 of 397736834?
6
What is the millions digit of 2405001785?
5
What is the hundreds digit of 159393812?
8
What is the hundred thousands digit of 32193876?
1
What is the hundred millions digit of 1645164248?
6
What is the thousands digit of 2252461243?
1
What is the hundred millions digit of 525691459?
5
What is the hundreds digit of 85949040?
0
What is the hundred thousands digit of 522516297?
5
What is the hundred thousands digit of 1287708929?
7
What is the hundred thousands digit of 166867764?
8
What is the hundred millions digit of 489666674?
4
What is the millions digit of 32625059?
2
What is the ten millions digit of 6803859203?
0
What is the hundred millions digit of 134059926?
1
What is the hundreds digit of 299016103?
1
What is the millions digit of 34667903?
4
What is the thousands digit of 64062811?
2
What is the units digit of 4760780437?
7
What is the hundred millions digit of 1168933749?
1
What is the ten millions digit of 625603691?
2
What is the units digit of 2164187439?
9
What is the units digit of 33441651?
1
What is the hundreds digit of 25020279?
2
What is the hundred millions digit of 103909331?
1
What is the ten millions digit of 216273612?
1
What is the billions digit of 2284856077?
2
What is the hundreds digit of 1810091040?
0
What is the tens digit of 541800229?
2
What is the units digit of 58906446?
6
What is the ten millions digit of 74137037?
7
What is the hundred thousands digit of 79584311?
5
What is the millions digit of 148636226?
8
What is the hundreds digit of 78335269?
2
What is the ten thousands digit of 140435693?
3
What is the hundred thousands digit of 1020298215?
2
What is the ten millions digit of 46292774?
4
What is the hundreds digit of 759424247?
2
What is the hundred thousands digit of 8087592?
0
What is the units digit of 107254680?
0
What is the thousands digit of 18718470?
8
What is the hundreds digit of 7518197326?
3
What is the hundreds digit of 232360559?
5
What is the hundred thousands digit of 172371174?
3
What is the hundred thousands digit of 340528257?
5
What is the tens digit of 32290163?
6
What is the hundred thousands digit of 1330090785?
0
What is the billions digit of 5167403030?
5
What is the hundred thousands digit of 455305782?
3
What is the tens digit of 87378968?
6
What is the thousands digit of 108480662?
0
What is the hundreds digit of 595072385?
3
What is the units digit of 27075195?
5
What is the ten thousands digit of 111156194?
5
What is the hundred millions digit of 1380977374?
3
What is the hundred thousands digit of 46847043?
8
What is the millions digit of 60061138?
0
What is the hundred thousands digit of 48901643?
9
What is the billions digit of 3750561710?
3
What is the tens digit of 163069233?
3
What is the tens digit of 130262463?
6
What is the units digit of 330172072?
2
What is the millions digit of 85127036?
5
What is the units digit of 16863138?
8
What is the ten millions digit of 88710574?
8
What is the thousands digit of 639029272?
9
What is the millions digit of 44303435?
4
What is the ten thousands digit of 203876108?
7
What is the ten millions digit of 215112334?
1
What is the millions digit of 924624354?
4
What is the hundred millions digit of 2015076929?
0
What is the millions digit of 12665713?
2
What is the tens digit of 300909077?
7
What is the hundreds digit of 2177297990?
9
What is the tens digit of 115248780?
8
What is the hundreds digit of 85716781?
7
What is the units digit of 292608597?
7
What is the hundred thousands digit of 3530500774?
5
What is the ten millions digit of 52450656?
5
What is the millions digit of 846830917?
6
What is the hundred thousands digit of 598575705?
5
What is the tens digit of 171598668?
6
What is the hundreds digit of 23776201?
2
What is the hundreds digit of 1093226788?
7
What is the tens digit of 143768350?
5
What is the units digit of 2446535249?
9
What is the tens digit of 253936514?
1
What is the ten thousands digit of 258363548?
6
What is the millions digit of 738149238?
8
What is the ten millions digit of 2264707616?
6
What is the thousands digit of 110292650?
2
What is the hundreds digit of 53536922?
9
What is the hundred thousands digit of 243344857?
3
What is the ten thousands digit of 1822341177?
4
What is the units digit of 1032940552?
2
What is the millions digit of 1055530994?
5
What is the thousands digit of 161306428?
6
What is the tens digit of 27415423?
2
What is the ten thousands digit of 16332005?
3
What is the thousands digit of 83038321?
8
What is the hundred thousands digit of 217277144?
2
What is the tens digit of 1104356083?
8
What is the hundred thousands digit of 26592454?
5
What is the ten thousands digit of 338296782?
9
What is the units digit of 627329126?
6
What is the ten millions digit of 29003049?
2
What is the ten thousands digit of 930776992?
7
What is the units digit of 175373760?
0
What is the ten thousands digit of 3505604575?
0
What is the ten millions digit of 1378482379?
7
What is the hundred millions digit of 1308710845?
3
What is the ten thousands digit of 231230543?
3
What is the thousands digit of 136749042?
9
What is the hundred thousands digit of 70675466?
6
What is the hundred thousands digit of 24244476?
2
What is the hundred thousands digit of 178657424?
6
What is the units digit of 1096471275?
5
What is the hundred thousands digit of 2279018?
2
What is the ten thousands digit of 235326651?
2
What is the millions digit of 1402423029?
2
What is the hundred millions digit of 151572807?
1
What is the hundreds digit of 207357680?
6
What is the hundred thousands digit of 541302516?
3
What is the ten millions digit of 239539544?
3
What is the hundred thousands digit of 80067157?
0
What is the units digit of 15321442?
2
What is the ten thousands digit of 3424436037?
3
What is the hundreds digit of 8265731?
7
What is the millions digit of 683798794?
3
What is the ten millions digit of 50714989?
5
What is the hundred thousands digit of 136801325?
8
What is the ten thousands digit of 155299213?
9
What is the thousands digit of 1287930407?
0
What is the hundreds digit of 2315372?
3
What is the tens digit of 210644545?
4
What is the hundreds digit of 171845343?
3
What is the ten thousands digit of 232386229?
8
What is the hundred millions digit of 3166220327?
1
What is the hundred thousands digit of 14444967?
4
What is the hundreds digit of 12682878?
8
What is the hundred millions digit of 170317037?
1
What is the tens digit of 1134739976?
7
What is the hundred millions digit of 232003332?
2
What is the ten thousands digit of 20299458?
9
What is the ten thousands digit of 289286850?
8
What is the hundred thousands digit of 33752275?
7
What is the ten millions digit of 553677094?
5
What is the ten thousands digit of 32007474?
0
What is the hundred thousands digit of 32931412?
9
What is the hundred thousands digit of 696780694?
7
What is the tens digit of 626981349?
4
What is the thousands digit of 113358821?
8
What is the ten thousands digit of 262983978?
8
What is the units digit of 795096103?
3
What is the hundred millions digit of 114168115?
1
What is the ten thousands digit of 88575489?
7
What is the tens digit of 622847565?
6
What is the billions digit of 3465952333?
3
What is the ten millions digit of 156085968?
5
What is the hundred thousands digit of 1310427232?
4
What is the hundreds digit of 1824666289?
2
What is the ten millions digit of 3392815308?
9
What is the hundreds digit of 137199380?
3
What is the ten thousands digit of 354260007?
6
What is the hundred millions digit of 213256348?
2
What is the hundreds digit of 30011449?
4
What is the ten millions digit of 113161949?
1
What is the millions digit of 439177068?
9
What is the units digit of 118272447?
7
What is the units digit of 2248123452?
2
What is the tens digit of 405060323?
2
What is the ten millions digit of 477509830?
7
What is the tens digit of 1316209139?
3
What is the hundred millions digit of 109323366?
1
What is the hundred thousands digit of 908267038?
2
What is the ten thousands digit of 65172853?
7
What is the thousands digit of 230414689?
4
What is the hundred millions digit of 319107744?
3
What is the millions digit of 12644817?
2
What is the millions digit of 6805105459?
5
What is the thou